{"id":73,"date":"2021-07-27T19:08:44","date_gmt":"2021-07-27T19:08:44","guid":{"rendered":"https:\/\/arantzaortizdeurbina.com\/?page_id=73"},"modified":"2021-08-28T19:36:53","modified_gmt":"2021-08-28T19:36:53","slug":"emdr","status":"publish","type":"page","link":"https:\/\/arantzaortizdeurbina.com\/index.php\/tratamiento\/emdr\/","title":{"rendered":"EMDR"},"content":{"rendered":"\t\t<div data-elementor-type=\"wp-page\" data-elementor-id=\"73\" class=\"elementor elementor-73\">\n\t\t\t\t\t\t<section class=\"elementor-section elementor-top-section elementor-element elementor-element-d80cacb elementor-section-boxed elementor-section-height-default elementor-section-height-default\" data-id=\"d80cacb\" data-element_type=\"section\" data-e-type=\"section\">\n\t\t\t\t\t\t<div class=\"elementor-container elementor-column-gap-default\">\n\t\t\t\t\t<div class=\"elementor-column elementor-col-100 elementor-top-column elementor-element elementor-element-c09fa9b\" data-id=\"c09fa9b\" data-element_type=\"column\" data-e-type=\"column\">\n\t\t\t<div class=\"elementor-widget-wrap elementor-element-populated\">\n\t\t\t\t\t\t<div class=\"elementor-element elementor-element-9321b11 elementor-widget elementor-widget-heading\" data-id=\"9321b11\" data-element_type=\"widget\" data-e-type=\"widget\" data-widget_type=\"heading.default\">\n\t\t\t\t<div class=\"elementor-widget-container\">\n\t\t\t\t\t<div class=\"elementor-heading-title elementor-size-xl\">EMDR<\/div>\t\t\t\t<\/div>\n\t\t\t\t<\/div>\n\t\t\t\t\t<\/div>\n\t\t<\/div>\n\t\t\t\t\t<\/div>\n\t\t<\/section>\n\t\t\t\t<section class=\"elementor-section elementor-top-section elementor-element elementor-element-5b0bbfe elementor-section-boxed elementor-section-height-default elementor-section-height-default\" data-id=\"5b0bbfe\" data-element_type=\"section\" data-e-type=\"section\">\n\t\t\t\t\t\t<div class=\"elementor-container elementor-column-gap-default\">\n\t\t\t\t\t<div class=\"elementor-column elementor-col-100 elementor-top-column elementor-element elementor-element-f2b0bca\" data-id=\"f2b0bca\" data-element_type=\"column\" data-e-type=\"column\">\n\t\t\t<div class=\"elementor-widget-wrap elementor-element-populated\">\n\t\t\t\t\t\t<div class=\"elementor-element elementor-element-a876a80 elementor-widget-divider--view-line elementor-widget elementor-widget-divider\" data-id=\"a876a80\" data-element_type=\"widget\" data-e-type=\"widget\" data-widget_type=\"divider.default\">\n\t\t\t\t<div class=\"elementor-widget-container\">\n\t\t\t\t\t\t\t<div class=\"elementor-divider\">\n\t\t\t<span class=\"elementor-divider-separator\">\n\t\t\t\t\t\t<\/span>\n\t\t<\/div>\n\t\t\t\t\t\t<\/div>\n\t\t\t\t<\/div>\n\t\t\t\t<div class=\"elementor-element elementor-element-70f8165 elementor-widget elementor-widget-text-editor\" data-id=\"70f8165\" data-element_type=\"widget\" data-e-type=\"widget\" data-widget_type=\"text-editor.default\">\n\t\t\t\t<div class=\"elementor-widget-container\">\n\t\t\t\t\t\t\t\t\t<p>En la d\u00e9cada de los 80, la psic\u00f3loga Francine Shapiro descubri\u00f3 casualmente c\u00f3mo, en determinadas condiciones, el movimiento de los ojos pod\u00eda reducir la ansiedad y angustia que provocaban ciertos pensamientos negativos o traum\u00e1ticos. Ella se dio cuenta de que la intensidad de sus emociones disminu\u00eda a medida que sus ojos iban de un lado a otro. A partir de ah\u00ed, empez\u00f3 a desarrollar esta t\u00e9cnica, y tras muchos ensayos y estudios, hoy en d\u00eda, este tratamiento est\u00e1 avalado por la Organizaci\u00f3n Mundial de la Salud (OMS).<\/p><p>El ser humano guarda las experiencias a trav\u00e9s de una red neuronal donde est\u00e1n implicados varios sistemas: las emociones, las sensaciones f\u00edsicas o corporales y los pensamientos o estructuras cognitivas. Cualquier situaci\u00f3n traum\u00e1tica del tipo que sea, no procesada adecuadamente, queda aislada y no se integra de una manera adaptativa.<\/p><p>Los recuerdos procesados nos permiten reaccionar de una manera conveniente. Son experiencias no traum\u00e1ticas que el cerebro integra y de las cuales saca un aprendizaje para el futuro.<\/p><p>Los recuerdos no procesados son experiencias negativas o traum\u00e1ticas que al ser muy estresantes hacen que el procesamiento de la informaci\u00f3n se altere y el sistema se colapse, impidiendo su procesamiento o integraci\u00f3n, y pueden causar que tengamos una reacci\u00f3n desproporcionada o que actuemos de forma da\u00f1ina para nosotros o para los dem\u00e1s.<\/p><p>Esto implica que ciertos acontecimientos en nuestra vida cotidiana har\u00e1n saltar los disparadores activando autom\u00e1ticamente todos o algunos de los par\u00e1metros de la citada red neuronal (emociones, sensaciones, pensamientos) que se asociaron con el hecho traum\u00e1tico sin resolver.<\/p><p>El objetivo de EMDR es ayudar a digerir estos recuerdos de una manera adaptativa e integradora, de una manera natural y mirando al futuro.<\/p><p>El EMDR puede <em>utilizarse dentro de una terapia verbal<\/em> o para llevar a cabo una terapia m\u00e1s profunda. En su aplicaci\u00f3n se realiza una estimulaci\u00f3n bilateral alternando ambos hemisferios cerebrales, bien a trav\u00e9s del movimiento ocular o trav\u00e9s del tapping. De esa manera se favorece el desbloqueo de la informaci\u00f3n y la nueva integraci\u00f3n en el sistema.<\/p>\t\t\t\t\t\t\t\t<\/div>\n\t\t\t\t<\/div>\n\t\t\t\t\t<\/div>\n\t\t<\/div>\n\t\t\t\t\t<\/div>\n\t\t<\/section>\n\t\t\t\t<section class=\"elementor-section elementor-top-section elementor-element elementor-element-5cb7766 elementor-section-boxed elementor-section-height-default elementor-section-height-default\" data-id=\"5cb7766\" data-element_type=\"section\" data-e-type=\"section\">\n\t\t\t\t\t\t<div class=\"elementor-container elementor-column-gap-default\">\n\t\t\t\t\t<div class=\"elementor-column elementor-col-100 elementor-top-column elementor-element elementor-element-ae57b25\" data-id=\"ae57b25\" data-element_type=\"column\" data-e-type=\"column\">\n\t\t\t<div class=\"elementor-widget-wrap elementor-element-populated\">\n\t\t\t\t\t\t\t<\/div>\n\t\t<\/div>\n\t\t\t\t\t<\/div>\n\t\t<\/section>\n\t\t\t\t<\/div>\n\t\t","protected":false},"excerpt":{"rendered":"<p>EMDR En la d\u00e9cada de los 80, la psic\u00f3loga Francine Shapiro descubri\u00f3 casualmente c\u00f3mo, en determinadas condiciones, el movimiento de los ojos pod\u00eda reducir la ansiedad y angustia que provocaban ciertos pensamientos negativos o traum\u00e1ticos. Ella se dio cuenta de que la intensidad de sus emociones disminu\u00eda a medida que sus ojos iban de un [&hellip;]<\/p>\n","protected":false},"author":1,"featured_media":0,"parent":45,"menu_order":6,"comment_status":"closed","ping_status":"closed","template":"","meta":{"footnotes":""},"class_list":["post-73","page","type-page","status-publish","hentry"],"blocksy_meta":[],"_links":{"self":[{"href":"https:\/\/arantzaortizdeurbina.com\/index.php\/wp-json\/wp\/v2\/pages\/73","targetHints":{"allow":["GET"]}}],"collection":[{"href":"https:\/\/arantzaortizdeurbina.com\/index.php\/wp-json\/wp\/v2\/pages"}],"about":[{"href":"https:\/\/arantzaortizdeurbina.com\/index.php\/wp-json\/wp\/v2\/types\/page"}],"author":[{"embeddable":true,"href":"https:\/\/arantzaortizdeurbina.com\/index.php\/wp-json\/wp\/v2\/users\/1"}],"replies":[{"embeddable":true,"href":"https:\/\/arantzaortizdeurbina.com\/index.php\/wp-json\/wp\/v2\/comments?post=73"}],"version-history":[{"count":19,"href":"https:\/\/arantzaortizdeurbina.com\/index.php\/wp-json\/wp\/v2\/pages\/73\/revisions"}],"predecessor-version":[{"id":752,"href":"https:\/\/arantzaortizdeurbina.com\/index.php\/wp-json\/wp\/v2\/pages\/73\/revisions\/752"}],"up":[{"embeddable":true,"href":"https:\/\/arantzaortizdeurbina.com\/index.php\/wp-json\/wp\/v2\/pages\/45"}],"wp:attachment":[{"href":"https:\/\/arantzaortizdeurbina.com\/index.php\/wp-json\/wp\/v2\/media?parent=73"}],"curies":[{"name":"wp","href":"https:\/\/api.w.org\/{rel}","templated":true}]}}